{"id":2,"date":"2025-12-21T16:52:40","date_gmt":"2025-12-21T09:52:40","guid":{"rendered":"https:\/\/www.demo.vietnamweb.asia\/?page_id=2"},"modified":"2025-12-21T16:52:48","modified_gmt":"2025-12-21T09:52:48","slug":"trang-chu","status":"publish","type":"page","link":"https:\/\/04okfun.net\/","title":{"rendered":"04okfun com &#8211; Trang Ch\u1ee7 Okfun | N\u1ea1p \u0110\u1ea7u Casino Th\u01b0\u1edfng \u0110\u1ebfn 100%"},"content":{"rendered":"<h2><span style=\"font-size: 110%; color: #f99b1c;\"><strong>TRANG CH\u1ee6 \u0110\u0102NG NH\u1eacP NH\u00c0 C\u00c1I OKFUN<\/strong><\/span><\/h2>\n<p>Link trang t\u1ed5ng v\u00e0o 04okfun com ch\u00ednh th\u1ee9c c\u1eadp nh\u1eadt ng\u00e0y h\u00f4m nay m\u1edbi nh\u1ea5t:<\/p>\n<div class=\"row row-small\"  id=\"row-650025815\">\n\n\t<div id=\"col-514700289\" class=\"col medium-4 small-12 large-4\"  >\n\t\t\t\t<div class=\"col-inner\"  >\n\t\t\t\n\t\t\t\n\t<div class=\"img has-hover x md-x lg-x y md-y lg-y\" id=\"image_1558060590\">\n\t\t<a class=\"\" href=\"https:\/\/qcte88.pro\/hwcf\" >\t\t\t\t\t\t<div class=\"img-inner dark\" >\n\t\t\t<img loading=\"lazy\" decoding=\"async\" width=\"400\" height=\"188\" src=\"https:\/\/04okfun.net\/wp-content\/uploads\/2025\/03\/dang-ky.webp\" class=\"attachment-original size-original\" alt=\"\u0110\u0103ng k\u00fd nh\u00e0 c\u00e1i\" srcset=\"https:\/\/04okfun.net\/wp-content\/uploads\/2025\/03\/dang-ky.webp 400w, https:\/\/04okfun.net\/wp-content\/uploads\/2025\/03\/dang-ky-300x141.webp 300w\" sizes=\"auto, (max-width: 400px) 100vw, 400px\" \/>\t\t\t\t\t\t\n\t\t\t\t\t<\/div>\n\t\t\t\t\t\t<\/a>\t\t\n<style>\n#image_1558060590 {\n  width: 100%;\n}\n<\/style>\n\t<\/div>\n\t\n\t\t<\/div>\n\t\t\t\t\t<\/div>\n\n\t\n\n\t<div id=\"col-753851895\" class=\"col medium-4 small-12 large-4\"  >\n\t\t\t\t<div class=\"col-inner\"  >\n\t\t\t\n\t\t\t\n\t<div class=\"img has-hover x md-x lg-x y md-y lg-y\" id=\"image_1347188148\">\n\t\t<a class=\"\" href=\"https:\/\/qcte88.pro\/hwcf\" >\t\t\t\t\t\t<div class=\"img-inner dark\" >\n\t\t\t<img loading=\"lazy\" decoding=\"async\" width=\"400\" height=\"188\" src=\"https:\/\/04okfun.net\/wp-content\/uploads\/2025\/03\/dang-nhap.webp\" class=\"attachment-original size-original\" alt=\"\u0110\u0103ng nh\u1eadp t\u1ea3i app\" srcset=\"https:\/\/04okfun.net\/wp-content\/uploads\/2025\/03\/dang-nhap.webp 400w, https:\/\/04okfun.net\/wp-content\/uploads\/2025\/03\/dang-nhap-300x141.webp 300w\" sizes=\"auto, (max-width: 400px) 100vw, 400px\" \/>\t\t\t\t\t\t\n\t\t\t\t\t<\/div>\n\t\t\t\t\t\t<\/a>\t\t\n<style>\n#image_1347188148 {\n  width: 100%;\n}\n<\/style>\n\t<\/div>\n\t\n\t\t<\/div>\n\t\t\t\t\t<\/div>\n\n\t\n\n\t<div id=\"col-1357980418\" class=\"col medium-4 small-12 large-4\"  >\n\t\t\t\t<div class=\"col-inner\"  >\n\t\t\t\n\t\t\t\n\t<div class=\"img has-hover x md-x lg-x y md-y lg-y\" id=\"image_1379998744\">\n\t\t<a class=\"\" href=\"https:\/\/qcte88.pro\/hwcf\" >\t\t\t\t\t\t<div class=\"img-inner dark\" >\n\t\t\t<img loading=\"lazy\" decoding=\"async\" width=\"400\" height=\"188\" src=\"https:\/\/04okfun.net\/wp-content\/uploads\/2025\/03\/khuyen-mai.webp\" class=\"attachment-original size-original\" alt=\"Khuy\u1ebfn m\u00e3i th\u00e0nh vi\u00ean\" srcset=\"https:\/\/04okfun.net\/wp-content\/uploads\/2025\/03\/khuyen-mai.webp 400w, https:\/\/04okfun.net\/wp-content\/uploads\/2025\/03\/khuyen-mai-300x141.webp 300w\" sizes=\"auto, (max-width: 400px) 100vw, 400px\" \/>\t\t\t\t\t\t\n\t\t\t\t\t<\/div>\n\t\t\t\t\t\t<\/a>\t\t\n<style>\n#image_1379998744 {\n  width: 100%;\n}\n<\/style>\n\t<\/div>\n\t\n\t\t<\/div>\n\t\t\t\t\t<\/div>\n\n\t\n<\/div>\n\t<div id=\"gap-153732645\" class=\"gap-element clearfix\" style=\"display:block; height:auto;\">\n\t\t\n<style>\n#gap-153732645 {\n  padding-top: 16px;\n}\n<\/style>\n\t<\/div>\n\t\n\t<div id=\"gap-937255391\" class=\"gap-element clearfix\" style=\"display:block; height:auto;\">\n\t\t\n<style>\n#gap-937255391 {\n  padding-top: 15px;\n}\n<\/style>\n\t<\/div>\n\t\n<p><strong>Disclaimer (Tuy\u00ean b\u1ed1 mi\u1ec5n tr\u1eeb):<\/strong> 04okfun.net h\u01b0\u1edbng \u0111\u1ebfn \u0111\u1ed1i t\u01b0\u1ee3ng ng\u01b0\u1eddi d\u00f9ng \u0111\u1ee7 18 tu\u1ed5i v\u00e0 kh\u00f4ng c\u01b0 tr\u00fa trong l\u00e3nh th\u1ed5 Vi\u1ec7t Nam. C\u00e1c th\u00f4ng tin \u0111\u01b0\u1ee3c \u0111\u0103ng t\u1ea3i ch\u1ec9 nh\u1eb1m m\u1ee5c \u0111\u00edch cung c\u1ea5p ki\u1ebfn th\u1ee9c chung, kh\u00f4ng ph\u1ea3i l\u00e0 t\u01b0 v\u1ea5n t\u00e0i ch\u00ednh ho\u1eb7c l\u1eddi m\u1eddi g\u1ecdi \u0111\u1ea7u t\u01b0. 04okfun bet kh\u00f4ng ch\u1ecbu tr\u00e1ch nhi\u1ec7m \u0111\u1ed1i v\u1edbi m\u1ecdi t\u1ed5n th\u1ea5t t\u00e0i ch\u00ednh ph\u00e1t sinh t\u1eeb vi\u1ec7c \u00e1p d\u1ee5ng n\u1ed9i dung t\u1ea1i \u0111\u00e2y.<\/p>\n<h2 class=\"tieu-de uppercase\"><span style=\"color: #3366ff;\"><strong>FAQ &#8211; Tr\u1ea3 l\u1eddi nh\u1eefng th\u1eafc m\u1eafc khi ch\u01a1i OKFUN<\/strong><\/span><\/h2>\n<div class=\"accordion\"><\/div>\n\t<div id=\"accordion-2294872006\" class=\"accordion-item\">\n\t\t<a id=\"accordion-2294872006-label\" class=\"accordion-title plain\" href=\"#accordion-item-trang-t\u1ed5ng-truy-c\u1eadp-04-okfun.casino-l\u00e0-g\u00ec?\" aria-expanded=\"false\" aria-controls=\"accordion-2294872006-content\" >\n\t\t\t<button class=\"toggle\" aria-label=\"Chuy\u1ec3n \u0111\u1ed5i\"><i class=\"icon-angle-down\"><\/i><\/button>\n\t\t\t<span>Trang t\u1ed5ng truy c\u1eadp 04 okfun.casino l\u00e0 g\u00ec?<\/span>\n\t\t<\/a>\n\t\t<div id=\"accordion-2294872006-content\" class=\"accordion-inner\" aria-labelledby=\"accordion-2294872006-label\" >\n\t\t\t\n<p><span style=\"color: #3366ff;\">C\u00e1c trang truy c\u1eadp ch\u00ednh th\u1ee9c:<\/span><\/p>\n<ul>\n<li><span style=\"color: #3366ff;\">04okfun.com<\/span><\/li>\n<li><span style=\"color: #3366ff;\">0 4okfun.casino<\/span><\/li>\n<li><span style=\"color: #3366ff;\">04 okfun.game<\/span><\/li>\n<li><span style=\"color: #3366ff;\">04okfun . app<\/span><\/li>\n<li><span style=\"color: #3366ff;\">04 okfun .bet<\/span><\/li>\n<\/ul>\n<p>#trangchuokfun #dangnhapokfun #dangkyokfun #taiappokfun #appokfun #okfunbet #okfuncasino<\/p>\n<p>#trangchu04okfun #dangnhap04okfun #dangky04okfun #taiapp04okfun #app04okfun #04okfunbet #04okfuncasino<\/p>\n\t\t<\/div>\n\t<\/div>\n\t\n\t<div id=\"accordion-1277891544\" class=\"accordion-item\">\n\t\t<a id=\"accordion-1277891544-label\" class=\"accordion-title plain\" href=\"#accordion-item-r\u00fat-ti\u1ec1n-tr\u00ean-04okfun.-com-c\u00f3-an-to\u00e0n-kh\u00f4ng?\" aria-expanded=\"false\" aria-controls=\"accordion-1277891544-content\" >\n\t\t\t<button class=\"toggle\" aria-label=\"Chuy\u1ec3n \u0111\u1ed5i\"><i class=\"icon-angle-down\"><\/i><\/button>\n\t\t\t<span>R\u00fat ti\u1ec1n tr\u00ean 04okfun. com c\u00f3 an to\u00e0n kh\u00f4ng?<\/span>\n\t\t<\/a>\n\t\t<div id=\"accordion-1277891544-content\" class=\"accordion-inner\" aria-labelledby=\"accordion-1277891544-label\" >\n\t\t\t\n<p><span style=\"color: #3366ff;\">R\u00fat ti\u1ec1n tr\u00ean Okfun r\u1ea5t an to\u00e0n b\u1edfi d\u1eef li\u1ec7u giao d\u1ecbch \u0111\u01b0\u1ee3c m\u00e3 h\u00f3a ch\u1ed1ng hack. M\u1eadt kh\u1ea9u giao \u0111\u1ecbch l\u00e0 c\u1ee7a ng\u01b0\u1eddi ch\u01a1i t\u1ef1 thi\u1ebft l\u1eadp, m\u1ed7i giao d\u1ecbch \u0111\u1ec1u \u0111\u01b0\u1ee3c x\u00e1c nh\u1eadn k\u1ef9 c\u00e0ng v\u00e0 ch\u1ec9 chuy\u1ec3n kho\u1ea3n \u0111\u1ebfn duy nh\u1ea5t 1 t\u00e0i kho\u1ea3n c\u1ee7a ng\u01b0\u1eddi ch\u01a1i \u0111\u00e3 \u0111\u0103ng k\u00fd.<\/span><\/p>\n\t\t<\/div>\n\t<\/div>\n\t\n\t<div id=\"accordion-4028944662\" class=\"accordion-item\">\n\t\t<a id=\"accordion-4028944662-label\" class=\"accordion-title plain\" href=\"#accordion-item-d\u1ecbch-v\u1ee5-cskh-04okfun-ho\u1ea1t-\u0111\u1ed9ng-trong-th\u1eddi-gian-n\u00e0o?\" aria-expanded=\"false\" aria-controls=\"accordion-4028944662-content\" >\n\t\t\t<button class=\"toggle\" aria-label=\"Chuy\u1ec3n \u0111\u1ed5i\"><i class=\"icon-angle-down\"><\/i><\/button>\n\t\t\t<span>D\u1ecbch v\u1ee5 CSKH 04okfun ho\u1ea1t \u0111\u1ed9ng trong th\u1eddi gian n\u00e0o?<\/span>\n\t\t<\/a>\n\t\t<div id=\"accordion-4028944662-content\" class=\"accordion-inner\" aria-labelledby=\"accordion-4028944662-label\" >\n\t\t\t\n<p><span style=\"color: #3366ff;\">CSKH 04 okfun com ho\u1ea1t \u0111\u1ed9ng 24\/24 trong 365 ng\u00e0y ph\u1ee5c v\u1ee5 gi\u1ea3i \u0111\u00e1p nhanh ch\u00f3ng m\u1ecdi nhu c\u1ea7u th\u1eafc m\u1eafc c\u1ee7a ng\u01b0\u1eddi ch\u01a1i. \u0110\u1ea3m b\u1ea3o ng\u01b0\u1eddi ch\u01a1i c\u00f3 tr\u1ea3i nghi\u1ec7m t\u1ed1t nh\u1ea5t v\u1edbi d\u1ecbch v\u1ee5 ch\u0103m s\u00f3c chu \u0111\u00e1o nhi\u1ec7t t\u00ecnh chuy\u00ean nghi\u1ec7p.<\/span><\/p>\n\t\t<\/div>\n\t<\/div>\n\t\n\t<div id=\"accordion-101678204\" class=\"accordion-item\">\n\t\t<a id=\"accordion-101678204-label\" class=\"accordion-title plain\" href=\"#accordion-item-trang-c\u00e1-c\u01b0\u1ee3c-04okfun-app-c\u00f3-uy-t\u00edn-kh\u00f4ng?\" aria-expanded=\"false\" aria-controls=\"accordion-101678204-content\" >\n\t\t\t<button class=\"toggle\" aria-label=\"Chuy\u1ec3n \u0111\u1ed5i\"><i class=\"icon-angle-down\"><\/i><\/button>\n\t\t\t<span>Trang c\u00e1 c\u01b0\u1ee3c 04okfun app c\u00f3 uy t\u00edn kh\u00f4ng?<\/span>\n\t\t<\/a>\n\t\t<div id=\"accordion-101678204-content\" class=\"accordion-inner\" aria-labelledby=\"accordion-101678204-label\" >\n\t\t\t\n<p><span style=\"color: #3366ff;\">OKFUN.COM l\u00e0 m\u1ed9t c\u00f4ng ty tr\u00f2 ch\u01a1i tr\u1ef1c tuy\u1ebfn tr\u1ef1c thu\u1ed9c li\u00ean minh OKWIN. T\u1ea5t c\u1ea3 c\u00e1c ho\u1ea1t \u0111\u1ed9ng kinh doanh c\u1edd b\u1ea1c \u0111\u1ec1u tu\u00e2n theo hi\u1ec7p \u01b0\u1edbc c\u1edd b\u1ea1c c\u1ee7a li\u00ean minh n\u00e0y. N\u00ean ho\u00e0n to\u00e0n \u0111\u1ea3m b\u1ea3o t\u00ednh minh b\u1ea1ch v\u00e0 quy\u1ec1n l\u1ee3i cho ng\u01b0\u1eddi ch\u01a1i<\/span><\/p>\n\t\t<\/div>\n\t<\/div>\n\t\n<p>&nbsp;<\/p>\n","protected":false},"excerpt":{"rendered":"<p>TRANG CH\u1ee6 \u0110\u0102NG NH\u1eacP NH\u00c0 C\u00c1I OKFUN Link trang t\u1ed5ng v\u00e0o 04okfun com ch\u00ednh th\u1ee9c c\u1eadp nh\u1eadt ng\u00e0y h\u00f4m nay m\u1edbi nh\u1ea5t: Disclaimer (Tuy\u00ean b\u1ed1 mi\u1ec5n tr\u1eeb): 04okfun.net h\u01b0\u1edbng \u0111\u1ebfn \u0111\u1ed1i t\u01b0\u1ee3ng ng\u01b0\u1eddi d\u00f9ng \u0111\u1ee7 18 tu\u1ed5i v\u00e0 kh\u00f4ng c\u01b0 tr\u00fa trong l\u00e3nh th\u1ed5 Vi\u1ec7t Nam. C\u00e1c th\u00f4ng tin \u0111\u01b0\u1ee3c \u0111\u0103ng t\u1ea3i ch\u1ec9 nh\u1eb1m m\u1ee5c&#8230;<\/p>\n","protected":false},"author":1,"featured_media":0,"parent":0,"menu_order":0,"comment_status":"closed","ping_status":"open","template":"page-right-sidebar.php","meta":{"footnotes":""},"class_list":["post-2","page","type-page","status-publish","hentry"],"_links":{"self":[{"href":"https:\/\/04okfun.net\/index.php?rest_route=\/wp\/v2\/pages\/2","targetHints":{"allow":["GET"]}}],"collection":[{"href":"https:\/\/04okfun.net\/index.php?rest_route=\/wp\/v2\/pages"}],"about":[{"href":"https:\/\/04okfun.net\/index.php?rest_route=\/wp\/v2\/types\/page"}],"author":[{"embeddable":true,"href":"https:\/\/04okfun.net\/index.php?rest_route=\/wp\/v2\/users\/1"}],"replies":[{"embeddable":true,"href":"https:\/\/04okfun.net\/index.php?rest_route=%2Fwp%2Fv2%2Fcomments&post=2"}],"version-history":[{"count":54,"href":"https:\/\/04okfun.net\/index.php?rest_route=\/wp\/v2\/pages\/2\/revisions"}],"predecessor-version":[{"id":633,"href":"https:\/\/04okfun.net\/index.php?rest_route=\/wp\/v2\/pages\/2\/revisions\/633"}],"wp:attachment":[{"href":"https:\/\/04okfun.net\/index.php?rest_route=%2Fwp%2Fv2%2Fmedia&parent=2"}],"curies":[{"name":"wp","href":"https:\/\/api.w.org\/{rel}","templated":true}]}}